 16 divide 30257470?
False
Is 649573057 a multiple of 972?
False
Does 60 divide 119400180?
True
Is 1129 a factor of 327768992?
False
Does 89 divide 398892?
False
Is 252 a factor of 138997152?
True
Does 19 divide 2979959?
False
Is 1471 a factor of 84944259?
False
Is 4 a factor of 279889780?
True
Is 3328 a factor of 447982101?
False
Is 366190740 a multiple of 2766?
True
Does 596 divide 350898350?
False
Is 32878400 a multiple of 10?
True
Does 1953 divide 31492125?
True
Does 6 divide 685983?
False
Is 4169137669 a multiple of 8?
False
Is 3671332 a multiple of 721?
True
Does 278 divide 3373252?
True
Does 2380 divide 155010877?
False
Does 428 divide 653195624?
True
Is 201 a factor of 156855496?
False
Is 3511 a factor of 256079484?
False
Is 3 a factor of 14679868?
False
Does 33 divide 56054922?
True
Is 29967370 a multiple of 38?
True
Is 78093753 a multiple of 2083?
True
Is 199 a factor of 35126883?
True
Is 44 a factor of 994756424?
False
Is 116531227 a multiple of 4?
False
Is 182 a factor of 102386102?
True
Does 17 divide 329908?
False
Is 61743110 a multiple of 26?
True
Is 1242 a factor of 145467687?
False
Does 79 divide 15684883?
False
Is 197172478 a multiple of 94?
False
Is 155145893 a multiple of 747?
False
Does 50 divide 431040150?
True
Is 10 a factor of 659422750?
True
Does 352 divide 62663716?
False
Is 96601466 a multiple of 484?
False
Is 19 a factor of 100485089?
False
Is 345050027 a multiple of 9989?
True
Does 56 divide 23212728?
True
Is 81 a factor of 1758924882?
True
Is 1992 a factor of 3206940641?
False
Is 436899126 a multiple of 994?
False
Does 578 divide 453140732?
False
Does 9 divide 604785006?
True
Does 1373 divide 11841323?
False
Is 1332 a factor of 400582892?
False
Is 133 a factor of 366601033?
False
Is 52561260 a multiple of 772?
False
Is 914800039 a multiple of 539?
False
Is 350128166 a multiple of 7?
False
Is 2161 a factor of 528195942?
True
Is 398 a factor of 26503616?
True
Is 223432062 a multiple of 49?
True
Does 205 divide 4236491460?
True
Is 4 a factor of 666263204?
True
Is 57 a factor of 126687424?
False
Is 6 a factor of 95477556?
True
Is 40 a factor of 163356560?
True
Is 55 a factor of 4957975?
True
Does 4 divide 93588?
True
Is 2815298780 a multiple of 38?
True
Does 28 divide 146524920?
False
Is 88328184 a multiple of 392?
True
Does 18 divide 20970432?
True
Is 19 a factor of 27889112?
True
Is 223432654 a multiple of 484?
False
Is 15575232 a multiple of 19?
False
Does 105 divide 135864638?
False
Is 67191150 a multiple of 5?
True
Is 435105050 a multiple of 2005?
True
Does 6 divide 34556208?
True
Does 59 divide 394189284?
False
Is 305 a factor of 77540670?
False
Is 107942672 a multiple of 8?
True
Does 618 divide 87418826?
False
Is 14700308 a multiple of 694?
True
Is 33 a factor of 21851874?
True
Does 540 divide 460841545?
False
Is 387 a factor of 184011534?
True
Is 170 a factor of 227857597?
False
Is 408 a factor of 14870376?
True
Is 480 a factor of 91159680?
True
Is 272 a factor of 129555209?
False
Does 4499 divide 1419232171?
False
Does 313 divide 15557617?
False
Is 132 a factor of 21110058?
False
Is 200156543 a multiple of 3?
False
Is 1492709166 a multiple of 309?
True
Is 1676280 a multiple of 20?
True
Does 13 divide 139294896?
True
Does 2434 divide 5160080?
True
Is 235 a factor of 78088986?
False
Is 159 a factor of 28797156?
False
Does 76 divide 99963609?
False
Is 52463740 a multiple of 1872?
False
Is 40390910 a multiple of 145?
True
Does 116 divide 23003032?
True
Is 13 a factor of 17534487?
False
Does 853 divide 2344044?
True
Is 305997975 a multiple of 75?
True
Does 438 divide 1727952476?
False
Is 8 a factor of 14775947?
False
Is 2005 a factor of 150624199?
False
Is 277 a factor of 100114585?
False
Does 16 divide 445230346?
False
Is 1942 a factor of 120015430?
False
Is 200868588 a multiple of 18?
True
Is 250 a factor of 579210194?
False
Is 3422 a factor of 918410048?
True
Does 53 divide 17357235?
True
Is 3929691 a multiple of 52?
False
Is 14 a factor of 4113242?
True
Is 10402203 a multiple of 21?
True
Is 588235362 a multiple of 286?
True
Is 120712308 a multiple of 865?
False
Is 10 a factor of 47827172?
False
Is 800040159 a multiple of 10?
False
Is 379888392 a multiple of 186?
False
Is 275369250 a multiple of 366?
True
Does 31 divide 3268281671?
True
Is 755 a factor of 5559820?
True
Is 81 a factor of 35568234?
True
Is 1600 a factor of 106688138?
False
Does 94 divide 3268940?
False
Is 616 a factor of 86036632?
False
Does 15 divide 280461705?
True
Is 5313865704 a multiple of 1768?
False
Is 256 a factor of 16968192?
True
Does 2525 divide 49204675?
True
Is 68 a factor of 3803819428?
True
Is 3488799296 a multiple of 29?
True
Is 15 a factor of 2277388620?
True
Does 2283 divide 177341567?
False
Is 350094 a multiple of 249?
True
Is 70 a factor of 46361217?
False
Does 45 divide 197896140?
True
Is 128 a factor of 210076961?
False
Does 1121 divide 1077581428?
True
Does 357 divide 378899094?
True
Is 20 a factor of 99547020?
True
Does 435 divide 120316215?
True
Is 140535456 a multiple of 32?
True
Is 2304 a factor of 40009249?
False
Is 169881822 a multiple of 363?
True
Does 4 divide 46782661?
False
Is 191082239 a multiple of 643?
True
Is 70974726 a multiple of 34?
False
Is 131340218 a multiple of 18?
False
Is 197478042 a multiple of 1393?
False
Is 88075533 a multiple of 83?
True
Does 375 divide 2494720500?
True
Is 15 a factor of 52499430?
True
Is 37634702 a multiple of 238?
True
Is 752 a factor of 315588832?
True
Is 183 a factor of 133010256?
True
Is 232156285 a multiple of 4079?
True
Does 4 divide 864324898?
False
Is 48 a factor of 652932293?
False
Is 88 a factor of 77416064?
True
Is 215597342 a multiple of 18?
False
Is 12 a factor of 13840098?
False
Is 41 a factor of 393241906?
True
Does 165 divide 2166147720?
True
Is 1745 a factor of 142163012?
False
Is 311 a factor of 27259461?
True
Is 31179531 a multiple of 132?
False
Does 2307 divide 53833845?
True
Is 53 a factor of 5515763?
True
Does 1360 divide 375489200?
True
Does 2938 divide 141921720?
False
Is 216123065 a multiple of 1030?
False
Is 1157 a factor of 20595757?
True
Is 143 a factor of 99271458?
True
Is 961149375 a multiple of 15?
True
Is 20408247 a multiple of 156?
False
Is 920 a factor of 117337635?
False
Is 190 a factor of 80415410?
True
Is 2121 a factor of 1900032099?
True
Is 40 a factor of 5809556?
False
Does 327 divide 137825922?
True
Does 92 divide 1110032072?
True
Is 23 a factor of 1157876255?
False
Is 61190209 a multiple of 79?
False
Is 96 a factor of 32444448?
True
Is 6039935 a multiple of 193?
True
Is 199688094 a multiple of 455?
False
Is 2 a factor of 117127605?
False
Is 50 a factor of 37473?
False
Is 943321200 a multiple of 3405?
True
Does 181 divide 22468616?
True
Is 2864651725 a multiple of 65?
True
Is 12075053 a multiple of 48?
False
Does 38 divide 768612946?
False
Does 321 divide 171472743?
True
Is 208143879 a multiple of 53?
True
Is 559632340 a multiple of 2022?
False
Is 37 a factor of 482582453?
True
Is 244 a factor of 64829580?
True
Is 716 a factor of 26093904?
True
Does 156 divide 90483168?
False
Is 1587 a factor of 22775037?
True
Does 1438 divide 174023872?
False
Does 637 divide 154624106?
True
Does 69 divide 2554173814?
False
Does 11 divide 8890612?
False
Does 357 divide 109332678?
True
Does 4394 divide 130580?
False
Does 9 divide 224087544?
True
Is 182 a factor of 29101072?
True
Is 28 a factor of 1474798?
False
Does 22 divide 5805382?
True
Does 439 divide 113603355?
False
Is 12 a factor of 49222116?
True
Is 14523656 a multiple of 17?
False
Does 655 divide 55632991?
False
Is 6742 a factor of 355222496?
True
Is 2563 a factor of 482269458?
True
Does 17 divide 137217043?
False
Does 53 divide 557387061?
True
Does 286 divide 254575464?
True
Is 323153955 a multiple of 14?
False
Does 15 divide 4132378239?
False
Is 17420792 a multiple of 3492?
False
Is 104471971 a multiple of 841?
False
Is 2050 a factor of 197667914?
False
Does 683 divide 10198210?
False
Is 102 a factor of 85203558?
True
Does 37 divide 179943070?
False
Is 405 a factor of 3409236135?
True
Does 15 divide 76734298?
False
Is 7967244 a multiple of 5?
False
Does 15 divide 297026389?
False
Is 21 a factor of 6689844?
True
Is 231 a factor of 10493637?
True
Is 808004554 a multiple of 138?
False
Is 2955889